 + 16 = b, t*d + 3*b = w. What are the prime factors of d?
3, 7
Let y be 3*(160/(-12))/(-8). Suppose 0 = -3*q - 3*n + n + 1583, y = 5*n. What are the prime factors of q?
17, 31
Let d be 48/2*38*(-6)/(-8). Suppose 391 = 5*n - d. Suppose 3*j + t - n = 0, j - t = 86 - 21. List the prime factors of j.
2, 5, 7
Suppose 18*u - g - 2 = 19*u, -2*u - 5*g - 19 = 0. Suppose 3992 = 2*l - 2*r, 4*l - 5*r - 7994 = -u*r. List the prime factors of l.
3, 23, 29
Suppose w = 15*w + 10*w - 297744. What are the prime factors of w?
2, 6203
Let x(g) = g**3 + 2*g + 4. Let d be x(3). Let p = d - 29. List the prime factors of 626/p + (0 - (-12)/16).
79
Let p = 478 - 476. Let a(n) be the second derivative of 65*n**3/6 - 7*n**2 - 4*n. What are the prime factors of a(p)?
2, 29
Suppose 151555 - 163250 - 319295 = -59*k. List the prime factors of k.
2, 3, 5, 11, 17
Let a(v) = 901*v - 1886. List the prime factors of a(6).
2, 5, 11
Let s(y) = y**3 - 75*y**2 + 86*y - 993. List the prime factors of s(81).
3, 7, 17, 127
Let a be (-8)/(-4) + (1 - -2). Suppose 2*u = -3*i - 1267, 4*u + a*i - 184 = -2723. Let j = -449 - u. What are the prime factors of j?
2, 3
Let f(l) = -4*l**3 - 8*l**2 + 13*l - 15. Let g(u) = -9*u**3 - 16*u**2 + 28*u - 30. Let t(p) = -7*f(p) + 3*g(p). What are the prime factors of t(6)?
3, 53
Let n = -79 - -82. Suppose -n*c - 651 = -3*w, 0*w - 5*w + 1057 = 2*c. Suppose 3*r - 671 = 5*m, r - 12 = 2*m + w. What are the prime factors of r?
7, 31
Suppose -7*c + 161 = -2*c - 4*v, -4*c + 127 = -5*v. Suppose c*a = 30*a + 1458. What are the prime factors of a?
2, 3
Let n = 587 + 1116. What are the prime factors of n?
13, 131
Let r = -2660 + 960. Let h = r - -2393. What are the prime factors of h?
3, 7, 11
Let z(a) = -3*a**2 - 9*a. Let r be z(4). Let x = r + 88. Suppose -v - 104 = -4*v - x*d, 5*v + d = 145. List the prime factors of v.
2, 7
Let t(l) = 28*l**2 + 2*l + 63. Let w be t(6). Suppose 2*z - 4*z = -5*v + 1370, -w = -4*v - z. What are the prime factors of v?
2, 17
Let o be (1 - -115) + (1 - 2). Suppose 0 = 3*z + 14 + 229. Let h = o + z. What are the prime factors of h?
2, 17
Let a(x) = 3*x**2 + 202*x + 556. What are the prime factors of a(-125)?
41, 541
Suppose 0 = 3*x + 3*s - 24, -5*x + 18 = -4*x - 4*s. Let d be (12/(-20))/(2/x) - 12. What are the prime factors of ((d/9)/5)/((-4)/804)?
67
What are the prime factors of (-357 - -1)*((-184)/6)/(2/12)?
2, 23, 89
Suppose 2*f + 3*f + 5 = 5*o, 2*o + 3*f + 8 = 0. Let j be ((-6)/(-10))/(o/(-5)). Suppose 2*k + 2*k - 3*d = 632, -3*d - 477 = -j*k. List the prime factors of k.
5, 31
Let s be (1500/(-5))/(12/(-966)*1). Suppose -84*y + s = -61*y. List the prime factors of y.
2, 3, 5, 7
Let m = 1811 + -1202. Let n = -148 + m. List the prime factors of n.
461
Let u(k) = -340*k**3 + 11*k**2 - 11*k - 1. What are the prime factors of u(-3)?
9311
Let v(j) = 2*j**2 - 28*j + 209. Let r = 927 + -921. List the prime factors of v(r).
113
Let x = 3128 + -1280. What are the prime factors of (x/(-55))/((-2)/20)?
2, 3, 7
Suppose -51*p + 59531 = 8*p. What are the prime factors of p?
1009
Suppose -44*f = -48*f + 8. Let o be (4 - (10 + -4))/(f/(-8)). Suppose 3*c = o*c - 100. List the prime factors of c.
2, 5
Let x(n) = -4*n**3 - 37*n**2 - 12*n - 22. Let s be x(-9). Let k(f) = 239*f + 374. What are the prime factors of k(s)?
3, 523
Let q(y) = -26*y - 66. Let o be q(-10). Suppose o*u - 1835 = 189*u. List the prime factors of u.
367
Let a be (6/4)/(6/16). Let g(x) = 7*x + 114. Let r be g(-16). Suppose -r*h = i + 2*h - 104, -416 = -4*i - a*h. What are the prime factors of i?
2, 13
Suppose -181*c + 5*o + 77405 = -176*c, -5*o = 2*c - 30913. What are the prime factors of c?
2, 3, 2579
Suppose -p + 4*v = 1, -5*p - 4*v + 31 + 12 = 0. Suppose 2*b = -4*g + p*b + 1343, 652 = 2*g + 4*b. List the prime factors of g.
2, 83
Let l(h) = -4*h - 46. Let i be l(-15). Suppose i*d - 100 = -6*d. List the prime factors of d.
5
Suppose 0 = -o - 2*v + 3267, 41*o - 2*v = 40*o + 3263. List the prime factors of o.
5, 653
Let n = -131 - -153. Let p(g) = 6*g - 45. What are the prime factors of p(n)?
3, 29
List the prime factors of (3734460/8)/(-9)*56/(-140).
20747
Let a = -2866 - -4146. Let t = a - 13. What are the prime factors of t?
7, 181
Let i be (9/6)/(10/4 - 2). Suppose 6 = u - 3*q, -6 = 4*u + i*q - 0*q. Suppose 0 = 4*w - u*w - 240. What are the prime factors of w?
2, 3, 5
Let o(a) be the third derivative of a**6/120 + 11*a**5/20 + 29*a**4/8 - 6*a**3 + 6*a**2 + 3*a. List the prime factors of o(-30).
2, 3
Let w = 17333 - -6232. What are the prime factors of w?
3, 5, 1571
Let r(l) be the third derivative of -l**5/30 - 17*l**4/24 - 2*l**3 - 7*l**2. Let h be r(-8). What are the prime factors of h*((-170)/4 + 2)?
2, 3
Suppose 191*l - 264*l = -341348. What are the prime factors of l?
2, 7, 167
Suppose 1024 = 3*q - 27 + 214. What are the prime factors of q?
3, 31
Suppose -2*d + 4*x = 9*x + 20, 5*x + 20 = -5*d. Suppose -4*z = -d*z - 828. What are the prime factors of z?
3, 23
Suppose 0*q + q + 3*c - 24 = 0, -4*q + 66 = -3*c. What are the prime factors of (-60)/((q/(-40))/3)?
2, 5
Let y(d) = -d**2 - 15*d - 10. Let t be y(-13). Let u be 5/(6 - t) - 2/(-4). Suppose u = 2*p + 3*p - 190. List the prime factors of p.
2, 19
Suppose 11*r - 6 = 16. Suppose 4 + 1 = 5*f, -r*v + 13 = 5*f. Suppose -v*l + 256 + 292 = q, 2*q + 698 = 5*l. List the prime factors of l.
2, 3, 23
What are the prime factors of (-160467)/(-12) + 93/124?
43, 311
Let v(q) = q**3 + q**2 - q - 1. Let j(w) = -4*w**3 - w + 17. Let d(b) = j(b) + 3*v(b). Let g be d(-6). Suppose 633 + g = 5*m. What are the prime factors of m?
199
Let c be (-249)/((-21)/(-3) - 6). Let l = c + 510. What are the prime factors of l?
3, 29
Let b be (-3 + 4)/(14/(-168)). What are the prime factors of ((-1510)/(-20))/((-1)/b)?
2, 3, 151
Let b be (12 - 12 - 958/8)*-4. Let l = -86 + b. Suppose 7*v + 50 - l = 0. What are the prime factors of v?
7
Suppose -5*j + 353965 = 3*f + 40791, 5*f + 187952 = 3*j. List the prime factors of j.
62639
Suppose -202*g + 98129 = 16117. What are the prime factors of g?
2, 7, 29
Let v be (-2)/12 - 10946/(-12). Suppose -53 + v = 2*l - 3*h, 4*l - 1719 = 5*h. List the prime factors of l.
431
Suppose 6*r = 199 + 149. Let c = r - 41. Let g = 6 + c. What are the prime factors of g?
23
Let q = -17 + 24. Let o = q - -43. Let d = 97 - o. List the prime factors of d.
47
Let o = 240 - 236. Suppose o*w - 1502 - 1027 = 5*s, -4*w + 2*s + 2514 = 0. What are the prime factors of w?
2, 313
Let c be (-2)/9 - (-616)/99. Let h be 4/20*c/((-6)/(-5)). Let d(x) = 75*x - 6. What are the prime factors of d(h)?
3, 23
Suppose 5*x - 277*y + 281*y - 801 = 0, -2*y - 485 = -3*x. Suppose 2*i = -4*u - 188, 97 = -3*i + 2*i - 5*u. Let q = x + i. List the prime factors of q.
3, 23
Let x(r) = 5*r**2 + 89*r - 15. Let q be x(-18). Let n(i) = 68*i + 478 - 14*i - 461. What are the prime factors of n(q)?
179
Let w(k) = -2*k + 5. Let f be w(7). Let h = f - 1. List the prime factors of 40/h + -1 + 39.
2, 17
Suppose -9*d + 1678546 = 137*d - 320486. List the prime factors of d.
2, 3, 7, 163
List the prime factors of 5/25*(281074/8 - 141/(-188)).
7027
Let w(n) = 1351*n**2 - 7*n + 2. What are the prime factors of w(3)?
2, 5, 607
Let r(o) = 20 + 19 - o + 35*o + 0*o. Let l be r(9). Suppose -y = -4*g + 460, l = 3*g - 4*y + y. List the prime factors of g.
5, 23
Let t = -482 + 458. List the prime factors of (t/42)/((-2)/5999).
2, 857
Let b(d) be the second derivative of -9*d + 9/2*d**2 - 1/20*d**5 + 0 - 1/6*d**3 + 1/2*d**4. What are the prime factors of b(5)?
29
Let u(g) = 5*g - 40. Let b be u(14). Let n(m) = 12 - b*m + 13 + 10*m + 35. What are the prime factors of n(-8)?
2, 5, 11
Let u(j) be the first derivative of j**4/4 + 22*j**3/3 + 19*j**2/2 - 28*j + 136. What are the prime factors of u(-20)?
2, 7
Suppose 36*l - 321875 = -89675. What are the prime factors of l?
2, 3, 5, 43
Let w(n) = 419*n. Let a be w(-1). Suppose -5*g = -4*f + 3105, 5*f + 2529 + 531 = -5*g. Let p = a - g. List the prime factors of p.
2, 3, 11
What are the prime factors of 8*((-144)/(-180))/((-2)/(-6145))?
2, 1229
Suppose -19010*f + 18994*f = -746720. What are the prime factors of f?
2, 5, 13, 359
Suppose 29*w + 59*w = 1272480. List the prime factors of w.
2, 3, 5, 241
Suppose 2*l = -a + 14452, 586*l - 